et q be 36/n + 4 - (2 - 3). Is (6686/q)/(-4*3/24) composite?
False
Is 450/405 - 1457513/(-9) a prime number?
True
Let o(t) = t**2 + 2*t - 10. Suppose 4*f - 266 = 146. Let p be f/15 - (-18)/135. Is o(p) a composite number?
False
Let s be (-105)/(-12) + (-5)/20*3. Is 296892/21 + s/(-224)*-8 a composite number?
True
Let c(g) = 2*g + 11. Let x be c(-5). Let s = x - 3. Is (s/4)/((-2)/2524) a composite number?
False
Let b(g) = g - 8. Let l be b(5). Let p(y) = -11*y**3 - y**2 + 5*y + 14. Let a(v) = -12*v**3 + 3*v + 11. Let s(f) = 4*a(f) - 3*p(f). Is s(l) a prime number?
True
Let q(p) = p**3 - 8*p**2 + 3*p - 4. Let s be q(8). Suppose -3*m + s - 2 = 0. Suppose m*u - 2108 - 634 = 0. Is u prime?
True
Let h = 666912 + -378005. Is h composite?
False
Suppose 29325 + 20997 = 6*t. Suppose -4*r + t = 1919. Suppose -r = -w + 322. Is w a composite number?
True
Let o = -19635 - -46538. Is o a composite number?
False
Let s = 542 + -544. Is 3*s - (-233493)/39 a prime number?
True
Suppose 79 = -24*d - 209. Is 1529395/210 + -1*2/d a prime number?
True
Let o = 21 + -15. Let m(r) = 21*r**2 + 24 + 0 - 6*r - o - 2*r. Is m(11) a composite number?
True
Is (103942 + 9)/(36/396) a composite number?
True
Is ((-3445670)/75*(-5 - 0))/((-142)/(-213)) a composite number?
False
Let a(t) = -18*t**3 + 2*t**2 - t - 2. Let j be a(-1). Let o be (j - 0/1)/((-9)/(-63)). Let p = 384 - o. Is p prime?
True
Let s(h) = -4646*h - 2225. Is s(-21) composite?
True
Let s(u) = 88*u**2 + 142*u + 479. Is s(-24) a prime number?
False
Is (-38)/(-399) + ((-5480068)/(-21))/4 prime?
True
Let p be 1/5 + 5391/45. Suppose -3*r - p = 3*r. Is -3155*(44/r - -2) composite?
False
Suppose 2*j + 1695 = z, 5*z - 2619 = -2*j + 5796. Suppose 0 = t + 5*a - z, 2*t = 3*a + a + 3342. Let s = -786 + t. Is s prime?
False
Let w be (19095/(-114))/((-2)/(-44)). Let j = 5106 - w. Is j a composite number?
True
Suppose -l + 9*l - 128080 = 0. Suppose 2754 = -8*k + l. Is k a prime number?
True
Let i(k) = 5*k**3 - k**2 + 83*k - 82. Is i(45) composite?
False
Let l = 210 + -208. Suppose -a + 1608 = -5*c - 1319, -5838 = -2*a + l*c. Is a a composite number?
False
Suppose -22*c + 44515 = 2*w - 15*c, -3*c + 9 = 0. Is w composite?
False
Suppose -3*y - 4*w = -134599, -4*y = -0*y - 3*w - 179507. Is y composite?
True
Let l = 488 + -486. Suppose -l*z - 2586 - 2518 = -2*i, 3*i + 4*z - 7649 = 0. Is i a composite number?
False
Suppose 3*r - 1982 = -a, -44*a + 2 = -43*a. Is 103206/10 - 11/(r/(-24)) a prime number?
True
Is 3 - -14945 - 5/((-15)/18) a composite number?
True
Let b be 1 + (-434)/(-16) + 5/(-40). Is 4130/b - 3/4*-2 a composite number?
False
Is (-1)/((-27)/1788057) - 8/6 a composite number?
True
Let k be (84/18 - 4) + (-2)/(-6). Let b = k - -2. Suppose -b*f + 2454 = 3*d, -5*f + 5 = -0. Is d a prime number?
False
Let o be (-2 - -1)/((-117)/36 + 3). Is o + ((-8305)/3)/((-23)/69) prime?
False
Suppose 5*j - d - 2*d - 1 = 0, -5*d + 25 = 5*j. Suppose 3*x - 4*x = -2. Is x/(-4 - -2) - (j - 740) a composite number?
True
Let l(a) = 23*a - 312. Is l(53) composite?
False
Let t be 2/(((-28)/8)/(-7)). Suppose 0 = s - t*s + 6. Is 4*5/60*(13253 - s) prime?
False
Let u = -94 + 99. Let x be ((-12)/u)/(2/(-5)). Suppose -x*q + 2100 = 342. Is q a composite number?
False
Suppose 4*l - 403475 = -5*g + 54622, 5*g - 5*l - 458115 = 0. Is g prime?
True
Suppose 0 = 2*x + 3*h - 239, 216 = 3*x - 4*h - 151. Suppose g - 394 - 2666 = 0. Let n = g - x. Is n a prime number?
True
Let l be -4*87/24*222. Let h = 7918 + l. Is h a prime number?
False
Is -3 + 2 - (2 + -44955 - (-5 + 4)) a composite number?
True
Let j be (-1)/9*-9*0/2. Suppose 0 = 4*s - 3*s - 439. Suppose h = -4*i + s, 2*i - 212 = -j*i + 2*h. Is i prime?
True
Let z be (-21405 - 4/(-1)) + -5. Let y = 30939 + z. Is y composite?
False
Suppose -10 = 2*k - 4*k. Suppose -3*q + 24 = k*q. Suppose q*a + 673 = 4*a. Is a prime?
True
Let x(o) = 32*o**2 + o + 124. Suppose -6*h + 3*v = -4*h + 19, 0 = -3*v - 9. Is x(h) a prime number?
False
Let k be 3 + 76/5 + 5/(-25). Let n(l) = -l**2 + 19*l + 10. Let s be n(k). Is (-4)/s + 32440/14 a prime number?
False
Let m be 5031/(-4797) + 4/82. Let f(x) be the first derivative of -2393*x**4/4 + x**3/3 + x**2/2 + 2. Is f(m) composite?
False
Let m = 448172 - -19785. Is m prime?
False
Let x be (-6254)/(-10) - (-6)/(-15). Suppose -x = -5*a + 315. Let q = a - -249. Is q a composite number?
True
Suppose -99 - 5 = -8*z. Suppose -4*x + z = o, 9*o - 12*o + 11 = 5*x. Suppose 0 = 2*f + g - 657, 0 = -x*f - f - 5*g + 1630. Is f prime?
True
Let a(x) = -5*x + 47. Let q be a(18). Let n = -61 - q. Let g(p) = -29*p - 37. Is g(n) prime?
False
Let z(c) = 11*c - 125. Let r be z(11). Is (-2 + 3)/((-5932)/1484 - r) a prime number?
False
Suppose -3*o + 4*t + 11471 = 0, -3*t + 11436 = 64*o - 61*o. Is o composite?
True
Suppose -g = -111 + 563. Let v(b) = -b**2 - 58*b - 916. Let l be v(-41). Let i = l - g. Is i composite?
False
Is 27/((-405)/(-8793557)) + ((-8)/15)/4 prime?
True
Let f(h) = h**3 - 21*h**2 + 16*h + 39. Let g be f(27). Let i = g + -3188. Is i prime?
True
Let x be ((-4)/10)/(2*2/(-9380)). Let d = x + -2070. Let t = -695 - d. Is t composite?
True
Let k(p) = -1466*p**3 - p**2 + 1. Let c be k(1). Suppose -3*z + 5*b = 10*b + 2279, 0 = -4*z - 5*b - 3047. Let h = z - c. Is h a composite number?
True
Let w be -2*(-4 + 2) + 40/5. Let x be (4 - w)*666/(-8). Suppose -3*i = 2*p + i - x, 4*p - 1312 = -4*i. Is p composite?
True
Let l be 3/((-16)/96*9/(-2)). Suppose 13 = l*j - j + 2*m, 0 = -j - 5*m. Suppose 0 = j*n - 20, -3*k + 6*n = n - 775. Is k composite?
True
Let v = 14803 - 7249. Suppose 46*t - v = 40*t. Is t prime?
True
Let n be (-234)/(-156) + -2 + 9143/(-2). Let b = -1318 - n. Is b prime?
False
Suppose -142078 = -2*y - 2*n, 98*y = 102*y - 4*n - 284156. Is y composite?
False
Let b(h) = 312*h**2 + 295*h + 520. Is b(-53) a composite number?
False
Let v be ((-18)/(-2) + -4)*6158/10. Suppose -20*g = -19*g - v. Is g a prime number?
True
Let u(a) = 4045*a**2 - a + 4. Let t be u(2). Let z = t + -5813. Is z prime?
True
Let x = 21887 + 35847. Is x a composite number?
True
Let t = 283877 + -33464. Is t prime?
False
Let a = 4300 + -2959. Suppose s + 4*m = a, s = -4*s + 4*m + 6825. Is s a prime number?
True
Let q = -2 - -2. Let h = -550 + 550. Suppose -5*y + 5 = h, 0 = -q*l - 2*l - 4*y + 1274. Is l a composite number?
True
Suppose 97*k - 6320479 = -2742587 + 5841099. Is k a prime number?
True
Let k be ((-10)/(-6))/(28/168). Suppose -k*q = 296 - 7726. Is q prime?
True
Suppose -2*p + 2*f = -8, 4*f = -4*p + 7 + 25. Let v(r) = r**3 - 6*r**2 - 8*r - 9. Let b be v(p). Let o = b - -688. Is o composite?
False
Let m = -43465 + 256212. Is m a prime number?
False
Let j(i) = -7*i + 3. Let o be j(-1). Is ((-2376)/o)/(-1) - (-24)/(-40) a prime number?
False
Suppose -43*c + 38*c - 8212 = -2*j, 4*c = j - 4103. Is j a composite number?
False
Let k(r) = -6*r**3 - 15*r**2 - 67*r - 11. Let c be k(-27). Suppose 15 = -5*p, 4*z + 5*p - c = 8*p. Is z a prime number?
False
Is (10073 + 29)*2*(12/3)/16 composite?
False
Let b = -255964 + 443675. Is b a composite number?
False
Let s(g) be the first derivative of -395*g**2/2 - 67*g + 18. Is s(-4) composite?
True
Let c(a) = 2*a - 1. Let d be c(2). Let t be (-2)/33*d - 277/(-11). Suppose 0 = 23*y - t*y + 762. Is y composite?
True
Let n(v) = -7*v**3 - 80*v**2 - 38*v - 49. Let w(u) = -3*u**3 - 40*u**2 - 19*u - 25. Let p(t) = 2*n(t) - 5*w(t). Is p(-37) prime?
False
Let u be (((-105)/18 - -4) + 2)*12. Suppose -3*g = u*v - 4813, 5*g = -23 + 8. Is v a composite number?
False
Let h(m) = -4543*m - 1205. Is h(-9) a composite number?
True
Let m(n) = -31*n + 37 + 10*n**2 + 13*n - n - 4*n**3. Is m(-10) composite?
False
Let u be (4/(-6))/((-2)/12). Let m(s) = 7*s - 2. Let b(l) = -382*l + 27. Let w(f) = -b(f) + 6*m(f). Is w(u) a prime number?
True
Let i = -75280 + 132124. Let j = 79697 - i. Is j prime?
True
Suppose 2*z = -5*z + 21. Let l be (90/(-10))/(z/(-2)). Is (l + 4396/(-12))/((-2)/6) a prime number?
False
Is ((-3489315)/120)/(19/(-152)) prime?
True
Suppose -3*n + 1491814 = k - 203454, -5*k + 3*n + 8476430 = 0. Is k composite?
False
Let p(x) = 2*x**2 + 9*x + 48. Suppose 147 = -q + 142. Is p(q) a composite number?
False
Suppose 245565 = -40*a - 7*a + 1992602. Is a a composite number?
False
Suppose 17*n +